{"id":117,"date":"2011-04-01T12:16:22","date_gmt":"2011-04-01T12:16:22","guid":{"rendered":"https:\/\/www.serautonomo.net\/argentina\/?page_id=117"},"modified":"2011-04-04T11:42:13","modified_gmt":"2011-04-04T11:42:13","slug":"tramites","status":"publish","type":"page","link":"https:\/\/www.serautonomo.net\/argentina\/tramites","title":{"rendered":"Tr\u00e1mites"},"content":{"rendered":"<p><a href=\"https:\/\/www.serautonomo.net\/argentina\/files\/2011\/04\/internet2.jpg\"><img decoding=\"async\" loading=\"lazy\" class=\"alignright size-medium wp-image-119\" title=\"tramites internet\" src=\"https:\/\/www.serautonomo.net\/argentina\/files\/2011\/04\/internet2-300x200.jpg\" alt=\"portatil\" width=\"180\" height=\"120\" srcset=\"https:\/\/www.serautonomo.net\/argentina\/files\/2011\/04\/internet2-300x200.jpg 300w, https:\/\/www.serautonomo.net\/argentina\/files\/2011\/04\/internet2.jpg 351w\" sizes=\"(max-width: 180px) 100vw, 180px\" \/><\/a>Todos los tr\u00e1mites necesarios para inscribirse como aut\u00f3nomo en Argentina.<\/p>\n<ul>\n<li><strong><a title=\"\u00bfC\u00f3mo me inscribo como aut\u00f3nomo en Argentina?\" href=\"https:\/\/www.serautonomo.net\/argentina\/como-me-inscribo-como-autonomo-en-argentina.html\" target=\"_blank\">Inscripci\u00f3n como aut\u00f3nomo<\/a><\/strong><\/li>\n<li><strong><a title=\"\u00bfQu\u00e9 es el CUIT?\" href=\"https:\/\/www.serautonomo.net\/argentina\/que-es-el-cuit.html\" target=\"_blank\">N\u00famero de CUIT<\/a><\/strong><\/li>\n<li><strong><a title=\"\u00bfQu\u00e9 es la Clave Fiscal del Sistema Registral?\" href=\"https:\/\/www.serautonomo.net\/argentina\/que-es-la-clave-fiscal-del-sistema-registral.html\" target=\"_blank\">Clave fiscal<\/a><\/strong><\/li>\n<li><strong><a title=\"\u00bfQu\u00e9 categor\u00edas existen seg\u00fan la actividad e ingresos?\" href=\"https:\/\/www.serautonomo.net\/argentina\/que-categorias-existen-segun-la-actividad-e-ingresos.html\" target=\"_blank\">Categor\u00edas seg\u00fan actividad e ingresos<\/a><\/strong><\/li>\n<li><strong><a title=\"Fechas de vencimiento para el pago mensual\" href=\"https:\/\/www.serautonomo.net\/argentina\/fechas-de-vencimiento-para-el-pago-mensual.html\" target=\"_blank\">Fechas de vencimiento para el pago mensual<\/a><\/strong><\/li>\n<li><strong><a title=\"\u00bfQu\u00e9 es la recategorizaci\u00f3n anual?\" href=\"https:\/\/www.serautonomo.net\/argentina\/que-es-la-recategorizacion-anual.html\" target=\"_blank\">Recategorizaci\u00f3n anual<\/a><\/strong><\/li>\n<\/ul>\n","protected":false},"excerpt":{"rendered":"<p>Todos los tr\u00e1mites necesarios para inscribirse como aut\u00f3nomo en Argentina. Inscripci\u00f3n como aut\u00f3nomo N\u00famero de CUIT Clave fiscal Categor\u00edas seg\u00fan actividad e ingresos Fechas de vencimiento para el pago mensual Recategorizaci\u00f3n anual<\/p>\n","protected":false},"author":5,"featured_media":0,"parent":0,"menu_order":0,"comment_status":"open","ping_status":"open","template":"","meta":[],"acf":[],"aioseo_notices":[],"_links":{"self":[{"href":"https:\/\/www.serautonomo.net\/argentina\/wp-json\/wp\/v2\/pages\/117"}],"collection":[{"href":"https:\/\/www.serautonomo.net\/argentina\/wp-json\/wp\/v2\/pages"}],"about":[{"href":"https:\/\/www.serautonomo.net\/argentina\/wp-json\/wp\/v2\/types\/page"}],"author":[{"embeddable":true,"href":"https:\/\/www.serautonomo.net\/argentina\/wp-json\/wp\/v2\/users\/5"}],"replies":[{"embeddable":true,"href":"https:\/\/www.serautonomo.net\/argentina\/wp-json\/wp\/v2\/comments?post=117"}],"version-history":[{"count":5,"href":"https:\/\/www.serautonomo.net\/argentina\/wp-json\/wp\/v2\/pages\/117\/revisions"}],"predecessor-version":[{"id":152,"href":"https:\/\/www.serautonomo.net\/argentina\/wp-json\/wp\/v2\/pages\/117\/revisions\/152"}],"wp:attachment":[{"href":"https:\/\/www.serautonomo.net\/argentina\/wp-json\/wp\/v2\/media?parent=117"}],"curies":[{"name":"wp","href":"https:\/\/api.w.org\/{rel}","templated":true}]}}